l + 1. Let x(z) = 11*z + 37. Let d(v) = 5*v + 18. Let h(a) = -13*d(a) + 6*x(a). Let m be h(10). Is c(m) composite?
True
Suppose 2*i = -3*i + 1000. Suppose 3*h = u + i, 0*h + 63 = h - 4*u. Suppose -b + h = -60. Is b composite?
False
Let m(t) = 2 - 3*t + 1 + 4*t + 5. Let s be m(-5). Suppose 0 = s*w - 335 - 412. Is w composite?
True
Let p be 85 - (1/(-1) - -4). Suppose 17 - p = b. Let j = b - -358. Is j composite?
False
Suppose -6*o = -o - 10. Suppose 3*j = -o*y + 5*y - 2184, y + 2*j = 743. Suppose -635 + 176 = -3*l + 4*b, -5*l = 4*b - y. Is l a composite number?
False
Let a be 285/30*2*2. Suppose 5*j - a = 92. Is j composite?
True
Suppose 28*t - 563758 = 150886. Is t a prime number?
True
Let m(o) = -6*o**3 + 71*o**2 + 31*o - 54. Let l(u) = -u**3 + 14*u**2 + 6*u - 11. Let h(w) = 11*l(w) - 2*m(w). Is h(-8) composite?
False
Suppose 3*n - 8 = n. Suppose i = -5*l + 132, -335 = n*i - 3*l - 909. Is 2/2 - (4 - i) composite?
False
Let u be -2 + (-9)/(-4) - (-153)/12. Suppose 0 = -u*j - 451 + 1322. Is j a composite number?
False
Let k = 85 - 172. Suppose 26 + 34 = 3*q. Is k*q/(-24)*2 prime?
False
Suppose 0 = 5*k - 2*g - 4988, 2990 = 3*k + 4*g - 8*g. Is k a composite number?
True
Let b = 4 + 9. Let k = 16 - b. Is 286 - (-1 - (k + -1)) a prime number?
False
Is 3*10/(-30)*-32467 a prime number?
True
Let d(j) = 245*j**3 - j**2 + 4*j + 1. Let u be d(-3). Let g = 11606 + u. Is g a composite number?
True
Let h(i) = -i**3 + 16*i**2 + i - 14. Let y be h(16). Suppose -5*m + y*m + c + 1098 = 0, -5*m = -4*c - 1837. Is m a prime number?
False
Let k = -8 + 9. Is (k/3)/((-6)/(-4572)) a prime number?
False
Suppose 58*l - 54*l = 9332. Is l a composite number?
False
Suppose 3*x - 4*d - 22 = 0, 18 = -x + 2*d - 7*d. Let v = 6 + x. Is (-2)/v + (-250)/(-8) a prime number?
True
Let l(c) = -c + 3. Let d be l(5). Let b be -3 + 0 - (-1 + d). Suppose w = -b*w + 223. Is w a prime number?
True
Suppose -c + 2 = -2. Suppose -c*w - 14 + 2 = 4*k, 4*w = 2*k - 12. Suppose -4*y = -k*y - 188. Is y a composite number?
False
Let m = -674 + 49. Let r = -176 - m. Is r composite?
False
Let s(b) = 42*b + 3. Let g(u) = -84*u - 6. Let p(a) = -2*g(a) - 5*s(a). Let z(o) = -o**3 + 6*o**2 + 8*o - 10. Let y be z(7). Is p(y) a composite number?
True
Let m(t) = 4*t**3 - 2*t**2 - t - 9. Let i be m(5). Suppose i = -2*r - 2*r. Let v = 192 + r. Is v a composite number?
False
Let r be 2/(-2 + (-188)/(-96)). Let z be (r/30)/(4/(-530)). Suppose -o = 3*o - z. Is o a composite number?
False
Let g = -54 + 116. Suppose -5*q + 5625 = -2*p - g, -3*q = 2*p - 3425. Is q prime?
False
Suppose -i + 4*b = -2249, 5*i + 2*b - 8942 = i. Is i a prime number?
True
Let f(m) = m**2 - 21*m - 6. Let d(j) = 2*j**2 - 41*j - 13. Let a(g) = -6*d(g) + 11*f(g). Let t(q) = -8*q - 35. Let i be t(-6). Is a(i) a prime number?
False
Let l(s) = 19*s + 2018. Is l(0) a composite number?
True
Is 1*-7094*(-6 + 66/12) composite?
False
Let t be 1*(2 - 3 - -16) - 0. Suppose i - 1082 = 3*v, -3*v - t = 2*v. Is i a prime number?
False
Suppose -5*p = -z + 35, 2*p - z + 28 = -2*p. Let y = -3 - p. Suppose 2*t = q + 60 + 60, q = y*t - 238. Is t a composite number?
False
Let x be -8 - -4 - (4 + -1). Is 3/x - (-1)/(14/650) prime?
False
Let j(q) = q**3 - 6*q**2 + 15*q - 6. Suppose -5*b + 4*b + 6 = 0. Let u be j(b). Let w = -25 + u. Is w a composite number?
False
Let t(h) = 3608*h**2 + 2*h - 1. Let g be t(2). Suppose -6*r + g = -r. Is r a prime number?
True
Let t = -15665 + 26118. Is t composite?
False
Let x(c) = 2*c**2 - 4*c - 12. Let y = -44 - -39. Is x(y) composite?
True
Let y be ((-16)/56)/((-1)/7). Suppose 3*n = -y*n + 30. Suppose n*z - 130 = 4*z - 2*t, z + 3*t = 61. Is z composite?
False
Let k = -9 - -9. Suppose k = -2*d - 2 - 4. Let x(b) = -6*b**3 - 3*b**2 - 2*b. Is x(d) composite?
True
Let s(a) be the third derivative of -a**6/120 + 7*a**5/30 + a**4/2 + 25*a**3/6 - 21*a**2. Is s(12) prime?
True
Suppose -607 + 233 = -2*n. Let v = 232 + n. Is v prime?
True
Let f(s) = -40*s - 1. Let x = -35 + 45. Suppose -2*h = x - 6. Is f(h) a composite number?
False
Let i(x) = -x**3 + 12*x**2 - 3*x + 4. Let j be i(8). Suppose -637 = -a - z, 5*a = -4*z + j + 2953. Is a a prime number?
True
Suppose 0 = 2*o - 7*o + 10. Let m be ((-14)/o)/((-3)/30). Suppose -14 - m = -4*v. Is v a composite number?
True
Let i = 22 - 22. Suppose i = -2*b + 165 - 27. Is b composite?
True
Suppose 0 = 392*v - 393*v + 2557. Is v prime?
True
Suppose 5*b - 42371 = 3*n, 2*b - 2*n - 10707 = 6243. Is b composite?
True
Suppose 9*z - 20 = 5*z. Suppose -5*h + z*r + 2710 = 0, 5*h + r = 1308 + 1390. Suppose -5*c + h = 5*o, 5*o - 3 = c - 99. Is c prime?
False
Suppose -5 + 22 = 5*c + 4*m, -5*c + 2*m + 29 = 0. Let f = 7 - c. Suppose 0 = f*v - 18 - 4. Is v composite?
False
Let m = 67 + 192. Is m a composite number?
True
Suppose -15 = -7*v + 4*v. Suppose 0 = -4*n - 4*x + 40, -24 = -n - 2*n + 3*x. Let a = n + v. Is a composite?
True
Suppose 22*q + 5 = 23*q. Suppose -v + 2*v + 3675 = 4*r, -q*v + 924 = r. Is r composite?
False
Let h = -48 - -69. Is h a composite number?
True
Suppose -2*f + 4*f + 4*w = -10, -5*w - 10 = 0. Let k(h) = 432*h**2 - 9*h + 15. Let o(a) = -216*a**2 + 4*a - 7. Let b(y) = -6*k(y) - 13*o(y). Is b(f) composite?
True
Let v(h) be the third derivative of 19*h**5/60 - 2*h**3/3 - 18*h**2. Let y = 11 + -8. Is v(y) a prime number?
True
Suppose -3*t - 32649 = -5*m, -5*t + 6541 = 2*m - m. Suppose 4*f - m = 5*g - 1098, 5*f - 6787 = 2*g. Is f prime?
False
Let c = -962 - -2935. Is c a prime number?
True
Suppose 3*o - o - 3466 = 0. Let h = -1042 + o. Is h a composite number?
False
Let m(n) = -n**2 + 8*n + 1. Let y be m(8). Let b(t) = 5*t**3 + 2*t**2 - 4*t - 1. Let j(a) = -a**2 + a. Let r(g) = y*b(g) + 3*j(g). Is r(2) composite?
True
Let r = -65 + 42. Let g be 3/(-9) - (-70)/(-6). Let f = g - r. Is f prime?
True
Let j be -3*22/(-3) - 3. Suppose n - j = -27. Is (-14)/n*(-5 + 73) a prime number?
False
Is (279 + -1)*429/78 a prime number?
False
Suppose -4*n + 1444 = -4*a, 5*n + 7*a = 10*a + 1813. Is n a prime number?
False
Let f(l) be the second derivative of 5*l**4/6 - 9*l**2/2 - 18*l - 2. Is f(-8) prime?
True
Suppose p = 2*r - 3*p - 4722, -4*r + 9479 = -p. Is r a composite number?
False
Suppose 5*g - 73 = -3. Let x = -22 + g. Is (-15)/(-20) + (-1026)/x a composite number?
True
Let i be -12*((-7)/(-3) - 3). Let q be (i/3)/((-2)/(-3)). Let s(p) = 47*p - 1. Is s(q) composite?
True
Let x(l) = -138*l + 13. Let r = 97 + -105. Is x(r) prime?
True
Suppose i + m = 9746, -3*i + 3*m + 12232 = -16988. Is i prime?
True
Suppose m - z = z - 3, -z = 4*m - 33. Let b = m - 9. Is 125 - b - (-4 - -4) a prime number?
True
Let q(j) = -4*j**2 + 9*j - 34. Let v be q(15). Let r = v - -2012. Is r prime?
True
Suppose 7*k - 584 + 220 = 0. Suppose 5*q + 43 = -k. Let r = 172 - q. Is r prime?
True
Let u = -49 - -43. Is (1 + -2099)*3/u composite?
False
Suppose -2*j = -0*j - 4. Let k be 37134/126 - 2/(-7). Is k/j*12/15 composite?
True
Let y(g) = g**2 + 2*g + 108470. Let f be y(0). Suppose -9*q - f = -19*q. Is q composite?
False
Let g(l) = -l**3 + 40*l**2 - 33*l + 95. Is g(36) a prime number?
True
Suppose -5*h - 21989 = -2*l + 10105, 3*l + 4*h = 48187. Is l a composite number?
False
Suppose 0 = -5*h + 805 + 3955. Let m = h - 577. Let k = -118 + m. Is k a composite number?
False
Let g(l) = 173*l**2 - 18*l + 15. Is g(-10) composite?
True
Let h(p) be the second derivative of p**4/2 - 14*p**3/3 - 87*p**2/2 - p - 24. Is h(-16) a composite number?
True
Let l(x) = x**3 - 13*x**2 + 7*x - 41. Is l(20) a composite number?
True
Suppose 45 - 465 = 12*h. Is (-37130)/h + (-2)/(-14) composite?
False
Suppose 272668 = 48*d - 4*d. Is d prime?
True
Suppose 602038 = -138*v + 172*v. Is v a composite number?
False
Let i = -14 + 23. Let l be (300/i)/((-3)/9). Is 3/(l/34 - -3) a prime number?
False
Suppose -b - 2*g = -6*b + 15, b + 4*g = 25. Suppose -3*m = b*u - 917, -4*u - 908 = -5*m + 2*m. Let c = -141 + m. Is c a prime number?
True
Let a(u) = u + 8. Let d be a(-6). Is d/3 - (15694/(-21) - 3) a prime number?
True
Suppose -61*c + 56*c - 5 = 0, 4*t - 3*c - 52495 = 0. Is t prime?
False
Let y = 35 + 596. Is y a composite number?
False
Let t = 1062 - 365. Is t composite?
True
Let p(k) = k**3 - k**2 + k + 359. Let m be 0/(-1 - (1 + -5)). Is p(m) prime?
True
Suppose 0